{"id":539,"date":"2026-02-25T15:33:27","date_gmt":"2026-02-25T12:33:27","guid":{"rendered":"https:\/\/www.soniaivelik.com\/?page_id=539"},"modified":"2026-02-25T15:33:27","modified_gmt":"2026-02-25T12:33:27","slug":"tuketici-haklari-cayma-iptal-iade-kosullari","status":"publish","type":"page","link":"https:\/\/dertdinliyorum.com\/index.php\/tuketici-haklari-cayma-iptal-iade-kosullari\/","title":{"rendered":"T\u00dcKET\u0130C\u0130 HAKLARI &#8211; CAYMA \u0130PTAL \u0130ADE KO\u015eULLARI"},"content":{"rendered":"\t\t<div data-elementor-type=\"wp-page\" data-elementor-id=\"539\" class=\"elementor elementor-539\">\n\t\t\t\t<div class=\"elementor-element elementor-element-b7b8077 e-flex e-con-boxed e-con e-parent\" data-id=\"b7b8077\" data-element_type=\"container\" data-e-type=\"container\">\n\t\t\t\t\t<div class=\"e-con-inner\">\n\t\t\t\t<div class=\"elementor-element elementor-element-a421d4c elementor-widget elementor-widget-text-editor\" data-id=\"a421d4c\" data-element_type=\"widget\" data-e-type=\"widget\" data-widget_type=\"text-editor.default\">\n\t\t\t\t\t\t\t\t\t<p>Kullanmakta Oldu\u011funuz Web Sitesi \u00dczerinden Elektronik Ortamda Sipari\u015f Verdi\u011finiz Takdirde, Size Sunulan \u00d6n Bilgilendirme Formunu Ve Mesafeli Sat\u0131\u015f S\u00f6zle\u015fmesini Kabul Etmi\u015f Say\u0131l\u0131rs\u0131n\u0131z.<\/p><p>Al\u0131c\u0131lar, Sat\u0131n Ald\u0131klar\u0131 \u00dcr\u00fcn\u00fcn Sat\u0131\u015f Ve Teslimi \u0130le \u0130lgili Olarak 6502 Say\u0131l\u0131 T\u00fcketicinin Korunmas\u0131 Hakk\u0131nda Kanun Ve Mesafeli S\u00f6zle\u015fmeler Y\u00f6netmeli\u011fi (Rg:27.11.2014\/29188) H\u00fck\u00fcmleri \u0130le Y\u00fcr\u00fcrl\u00fckteki Di\u011fer Yasalara Tabidir.<\/p><p>Hizmet Alan\u0131n Gerek Online E\u011fitim Gerekse Y\u00fczy\u00fcze E\u011fitim Yada Kamp Program\u0131 \u0130\u00e7in \u00d6demi\u015f Oldu\u011fu Hizmet Bedeli Programa Kat\u0131lamasa Da \u00dccret \u0130adesi Talep Hakk\u0131 Yoktur.<\/p><p>Ancak Ayn\u0131 E\u011fitim Program\u0131 \u0130\u00e7in Tarih De\u011fi\u015ftirme Hakk\u0131 Vard\u0131r. Yada Programa Dahil Olamama Sebebinin M\u00fccbir Ve Elzem Bir Sebep \u0130leri S\u00fcrerse Ve Bunu Gerekli Resmi Evrak \u0130le Kan\u0131tlamas\u0131 Durumunda \u00d6dedi\u011fi Bedelin Vergiler Ve Masraflar D\u00fc\u015f\u00fcld\u00fckten Sonra Kalan Tutar\u0131 \u0130ade Edilecektir.<\/p><p>Bununla Birlikte Hizmet Veren Yeni E\u011fitim Program\u0131 A\u00e7mayacak Olursa Ancak O Zaman \u00dccreti \u0130adesi M\u00fcmk\u00fcn Olabilecektir.<\/p>\t\t\t\t\t\t\t\t<\/div>\n\t\t\t\t\t<\/div>\n\t\t\t\t<\/div>\n\t\t\t\t<\/div>\n\t\t","protected":false},"excerpt":{"rendered":"<p>Kullanmakta Oldu\u011funuz Web Sitesi \u00dczerinden Elektronik Ortamda Sipari\u015f Verdi\u011finiz Takdirde, Size Sunulan \u00d6n Bilgilendirme Formunu Ve Mesafeli Sat\u0131\u015f S\u00f6zle\u015fmesini Kabul Etmi\u015f Say\u0131l\u0131rs\u0131n\u0131z. Al\u0131c\u0131lar, Sat\u0131n Ald\u0131klar\u0131 \u00dcr\u00fcn\u00fcn Sat\u0131\u015f Ve Teslimi \u0130le \u0130lgili Olarak 6502 Say\u0131l\u0131 T\u00fcketicinin Korunmas\u0131 Hakk\u0131nda Kanun Ve Mesafeli &hellip; <a href=\"https:\/\/dertdinliyorum.com\/index.php\/tuketici-haklari-cayma-iptal-iade-kosullari\/\">Devam\u0131<\/a><\/p>\n","protected":false},"author":2,"featured_media":0,"parent":0,"menu_order":0,"comment_status":"closed","ping_status":"closed","template":"","meta":{"footnotes":""},"class_list":["post-539","page","type-page","status-publish","hentry"],"_links":{"self":[{"href":"https:\/\/dertdinliyorum.com\/index.php\/wp-json\/wp\/v2\/pages\/539","targetHints":{"allow":["GET"]}}],"collection":[{"href":"https:\/\/dertdinliyorum.com\/index.php\/wp-json\/wp\/v2\/pages"}],"about":[{"href":"https:\/\/dertdinliyorum.com\/index.php\/wp-json\/wp\/v2\/types\/page"}],"author":[{"embeddable":true,"href":"https:\/\/dertdinliyorum.com\/index.php\/wp-json\/wp\/v2\/users\/2"}],"replies":[{"embeddable":true,"href":"https:\/\/dertdinliyorum.com\/index.php\/wp-json\/wp\/v2\/comments?post=539"}],"version-history":[{"count":0,"href":"https:\/\/dertdinliyorum.com\/index.php\/wp-json\/wp\/v2\/pages\/539\/revisions"}],"wp:attachment":[{"href":"https:\/\/dertdinliyorum.com\/index.php\/wp-json\/wp\/v2\/media?parent=539"}],"curies":[{"name":"wp","href":"https:\/\/api.w.org\/{rel}","templated":true}]}}