{"id":908,"date":"2026-03-05T08:05:15","date_gmt":"2026-03-05T05:05:15","guid":{"rendered":"https:\/\/dertdinliyorum.com\/?post_type=product&#038;p=908"},"modified":"2026-03-11T17:57:12","modified_gmt":"2026-03-11T14:57:12","slug":"buzdolabi-sinema-filmi-senaryosu","status":"publish","type":"product","link":"https:\/\/dertdinliyorum.com\/index.php\/urun\/buzdolabi-sinema-filmi-senaryosu\/","title":{"rendered":"BUZDOLABI S\u0130NEMA F\u0130LM\u0130 SENARYOSU"},"content":{"rendered":"","protected":false},"excerpt":{"rendered":"<ul>\n<li data-start=\"730\" data-end=\"760\">\n<p data-start=\"732\" data-end=\"760\"><a href=\"https:\/\/play.google.com\/store\/books\/details\/Sonia_%C3%96zlem_%C4%B0VEL%C4%B0K_BUZDOLABI_%C4%B0smi_so%C4%9Fuk_kendisi_s%C4%B1?id=k1X-CAAAQBAJ\">\ud83d\udcf1 Google Play&#8217;de Sat\u0131n Al<\/a><\/p>\n<\/li>\n<li data-start=\"761\" data-end=\"791\">\n<p data-start=\"763\" data-end=\"791\">\ud83c\udf4e Apple Books&#8217;ta Sat\u0131n Al<\/p>\n<\/li>\n<li data-start=\"792\" data-end=\"817\">\n<p data-start=\"794\" data-end=\"817\">\ud83d\uded2 Amazon&#8217;da Sat\u0131n Al<\/p>\n<\/li>\n<\/ul>\n<p><strong>BUZDOLABI,<\/strong> Almanya\u2019da ya\u015fayan bir T\u00fcrk g\u00f6\u00e7men ailesinin hem komik hem de dramatik hikayesini anlatan mizahi bir romand\u0131r.<\/p>\n<p>G\u00fcnl\u00fck hayat\u0131n i\u00e7inden gelen olaylar, aile i\u00e7i \u00e7at\u0131\u015fmalar, <strong>k\u00fclt\u00fcrel farkl\u0131l\u0131klar ve g\u00f6\u00e7men hayat\u0131n\u0131n <\/strong>ger\u00e7ekleri bu hik\u00e2yede bir araya geliyor. Bazen g\u00fcld\u00fcren, bazen d\u00fc\u015f\u00fcnd\u00fcren bu hik\u00e2ye; bir T\u00fcrk ailenin <strong>Almanya\u2019daki ya\u015fam m\u00fccadelesini<\/strong> samimi ve ger\u00e7ek\u00e7i bir dille anlat\u0131yor.<\/p>\n<p><strong>Komedi ve dram\u0131n<\/strong> i\u00e7 i\u00e7e ge\u00e7ti\u011fi BUZDOLABI, okuyucuya hem e\u011flenceli hem de duygusal bir yolculuk sunuyor.<\/p>\n<p><strong>G\u00f6\u00e7men hayat\u0131<\/strong>, aile ili\u015fkileri ve k\u00fclt\u00fcrel \u00e7at\u0131\u015fmalar \u00fczerine s\u0131cak ve mizahi bir hik\u00e2ye.<\/p>\n<p>Okurken kendinizden bir\u00e7ok \u015fey bulaca\u011f\u0131n\u0131za inan\u0131yorum. <strong>2009 y\u0131l\u0131nda \u0130zmir Dokuz Eyl\u00fcl \u00dcniversitesi&#8217;nde G\u00fclnaz SARA\u00c7O\u011eLU ve Ra\u011f\u0131p TARAN\u00c7 taraf\u0131ndan revize edildi.<\/strong> Telifleri al\u0131nd\u0131. G\u00f6\u00e7 etmeni ile olu\u015fan k\u00fclt\u00fcrel farkl\u0131l\u0131klar\u0131n asl\u0131nda ge\u00e7ersiz oldu\u011funu g\u00f6steren bir yap\u0131t haline geldi. \u0130\u00e7inden bir karakter \u00e7al\u0131n\u0131p film haline getirildi. Mahkemelerden &#8220;SA\u011eSAL\u0130M&#8221; \u00e7\u0131kaca\u011f\u0131m\u0131za inan\u0131yorum.<\/p>\n<p>T\u00fcm okuyucular\u0131m\u0131za sevgiyle bu eseri sunuyorum. \ud83d\ude42<\/p>\n<p>komedi &#8211; dram &#8211; g\u00f6\u00e7men aile &#8211; Almanya &#8211; T\u00fcrk aile &#8211; mizahi hikaye &#8211; g\u00f6\u00e7men ya\u015fam\u0131 &#8211; aile ili\u015fkileri<\/p>\n","protected":false},"featured_media":971,"comment_status":"closed","ping_status":"closed","template":"","meta":[],"product_brand":[],"product_cat":[21],"product_tag":[],"class_list":{"0":"post-908","1":"product","2":"type-product","3":"status-publish","4":"has-post-thumbnail","6":"product_cat-kitaplarim","8":"first","9":"instock","10":"shipping-taxable","11":"product-type-external"},"_links":{"self":[{"href":"https:\/\/dertdinliyorum.com\/index.php\/wp-json\/wp\/v2\/product\/908","targetHints":{"allow":["GET"]}}],"collection":[{"href":"https:\/\/dertdinliyorum.com\/index.php\/wp-json\/wp\/v2\/product"}],"about":[{"href":"https:\/\/dertdinliyorum.com\/index.php\/wp-json\/wp\/v2\/types\/product"}],"replies":[{"embeddable":true,"href":"https:\/\/dertdinliyorum.com\/index.php\/wp-json\/wp\/v2\/comments?post=908"}],"wp:featuredmedia":[{"embeddable":true,"href":"https:\/\/dertdinliyorum.com\/index.php\/wp-json\/wp\/v2\/media\/971"}],"wp:attachment":[{"href":"https:\/\/dertdinliyorum.com\/index.php\/wp-json\/wp\/v2\/media?parent=908"}],"wp:term":[{"taxonomy":"product_brand","embeddable":true,"href":"https:\/\/dertdinliyorum.com\/index.php\/wp-json\/wp\/v2\/product_brand?post=908"},{"taxonomy":"product_cat","embeddable":true,"href":"https:\/\/dertdinliyorum.com\/index.php\/wp-json\/wp\/v2\/product_cat?post=908"},{"taxonomy":"product_tag","embeddable":true,"href":"https:\/\/dertdinliyorum.com\/index.php\/wp-json\/wp\/v2\/product_tag?post=908"}],"curies":[{"name":"wp","href":"https:\/\/api.w.org\/{rel}","templated":true}]}}