{"id":913,"date":"2026-03-05T08:05:15","date_gmt":"2026-03-05T05:05:15","guid":{"rendered":"https:\/\/dertdinliyorum.com\/?post_type=product&#038;p=913"},"modified":"2026-03-11T17:49:12","modified_gmt":"2026-03-11T14:49:12","slug":"5-kitap-bir-arada","status":"publish","type":"product","link":"https:\/\/dertdinliyorum.com\/index.php\/urun\/5-kitap-bir-arada\/","title":{"rendered":"5 K\u0130TAP B\u0130R ARADA"},"content":{"rendered":"","protected":false},"excerpt":{"rendered":"<p>4 K\u0130TAP F\u0130YATINA 5 K\u0130TAP!<\/p>\n<p class=\"isSelectedEnd\">Farkl\u0131 d\u00fcnyalara a\u00e7\u0131lan be\u015f g\u00fc\u00e7l\u00fc kitab\u0131 tek bir pakette ke\u015ffedin.<br \/>\nSpirit\u00fcel ara\u015ft\u0131rmalardan mizah ve dram i\u00e7eren tiyatro metinlerine kadar uzanan bu \u00f6zel set, hem d\u00fc\u015f\u00fcnd\u00fcren hem de e\u011flendiren i\u00e7erikleri bir araya getiriyor.<\/p>\n<p class=\"isSelectedEnd\">Bu \u00f6zel pakette yer alan kitaplar:<\/p>\n<p class=\"isSelectedEnd\"><strong><img decoding=\"async\" class=\"emoji\" role=\"img\" draggable=\"false\" src=\"https:\/\/s.w.org\/images\/core\/emoji\/17.0.2\/svg\/1f539.svg\" alt=\"\ud83d\udd39\" \/>\u00a0Animist Dinler<\/strong><br \/>\nDo\u011fadaki her varl\u0131\u011f\u0131n bir ruhu oldu\u011funa inanan kadim inan\u00e7 sistemlerini ve d\u00fcnyan\u0131n farkl\u0131 k\u00fclt\u00fcrlerinde g\u00f6r\u00fclen animist gelenekleri ke\u015ffedin.<\/p>\n<p class=\"isSelectedEnd\"><strong><img decoding=\"async\" class=\"emoji\" role=\"img\" draggable=\"false\" src=\"https:\/\/s.w.org\/images\/core\/emoji\/17.0.2\/svg\/1f539.svg\" alt=\"\ud83d\udd39\" \/>\u00a0Farkl\u0131 Dinler ve \u0130nan\u00e7lar<\/strong><br \/>\n\u0130nsanl\u0131\u011f\u0131n inan\u00e7 tarihine geni\u015f bir perspektiften bakarak farkl\u0131 dinleri, \u00f6\u011fretileri ve spirit\u00fcel yakla\u015f\u0131mlar\u0131 tan\u0131y\u0131n.<\/p>\n<p class=\"isSelectedEnd\"><strong><img decoding=\"async\" class=\"emoji\" role=\"img\" draggable=\"false\" src=\"https:\/\/s.w.org\/images\/core\/emoji\/17.0.2\/svg\/1f539.svg\" alt=\"\ud83d\udd39\" \/>\u00a0Taraftar\u0131 Kalmayan Dinler<\/strong><br \/>\nTarihte b\u00fcy\u00fck etki b\u0131rakm\u0131\u015f ancak zamanla unutulmu\u015f veya yok olmu\u015f dinleri ve inan\u00e7 sistemlerini inceleyen dikkat \u00e7ekici bir \u00e7al\u0131\u015fma.<\/p>\n<p class=\"isSelectedEnd\"><strong><img decoding=\"async\" class=\"emoji\" role=\"img\" draggable=\"false\" src=\"https:\/\/s.w.org\/images\/core\/emoji\/17.0.2\/svg\/1f539.svg\" alt=\"\ud83d\udd39\" \/>\u00a0Kaynanat\u00f6r ve \u00c7ak\u0131 Gelin<\/strong><br \/>\nG\u00fcndelik hayat\u0131n i\u00e7inden gelen karakterlerle mizah ve dram\u0131n i\u00e7 i\u00e7e ge\u00e7ti\u011fi e\u011flenceli bir tiyatro oyunu.<\/p>\n<p class=\"isSelectedEnd\"><strong><img decoding=\"async\" class=\"emoji\" role=\"img\" draggable=\"false\" src=\"https:\/\/s.w.org\/images\/core\/emoji\/17.0.2\/svg\/1f539.svg\" alt=\"\ud83d\udd39\" \/>\u00a0Buzdolab\u0131<\/strong><br \/>\nG\u00f6\u00e7men bir ailenin ya\u015fam\u0131n\u0131, mizahi ve duygusal y\u00f6nleriyle ele alan \u00f6zg\u00fcn bir hik\u00e2ye.<\/p>\n<p class=\"isSelectedEnd\">Bu kitap seti ile hem\u00a0<strong>insanl\u0131k tarihinin inan\u00e7 d\u00fcnyas\u0131n\u0131 ke\u015ffedecek<\/strong>, hem de\u00a0<strong>g\u00fcl\u00fcmseten ve d\u00fc\u015f\u00fcnd\u00fcren hik\u00e2yelerle farkl\u0131 bir okuma deneyimi ya\u015fayacaks\u0131n\u0131z.<\/strong><\/p>\n<p class=\"isSelectedEnd\"><img decoding=\"async\" class=\"emoji\" role=\"img\" draggable=\"false\" src=\"https:\/\/s.w.org\/images\/core\/emoji\/17.0.2\/svg\/1f381.svg\" alt=\"\ud83c\udf81\" \/>\u00a0<strong>\u00d6zel Kampanya:<\/strong><br \/>\nNormalde 5 kitap fiyat\u0131na sat\u0131lan bu eserler,\u00a0<strong>s\u0131n\u0131rl\u0131 s\u00fcre i\u00e7in 4 kitap fiyat\u0131na<\/strong>\u00a0sunulmaktad\u0131r.<\/p>\n<p>Hem ara\u015ft\u0131rma hem de edebiyat severler i\u00e7in haz\u0131rlanan bu \u00f6zel seti ka\u00e7\u0131rmay\u0131n.<\/p>\n","protected":false},"featured_media":975,"comment_status":"closed","ping_status":"closed","template":"","meta":[],"product_brand":[],"product_cat":[21],"product_tag":[],"class_list":{"0":"post-913","1":"product","2":"type-product","3":"status-publish","4":"has-post-thumbnail","6":"product_cat-kitaplarim","8":"first","9":"instock","10":"sale","11":"shipping-taxable","12":"product-type-external"},"_links":{"self":[{"href":"https:\/\/dertdinliyorum.com\/index.php\/wp-json\/wp\/v2\/product\/913","targetHints":{"allow":["GET"]}}],"collection":[{"href":"https:\/\/dertdinliyorum.com\/index.php\/wp-json\/wp\/v2\/product"}],"about":[{"href":"https:\/\/dertdinliyorum.com\/index.php\/wp-json\/wp\/v2\/types\/product"}],"replies":[{"embeddable":true,"href":"https:\/\/dertdinliyorum.com\/index.php\/wp-json\/wp\/v2\/comments?post=913"}],"wp:featuredmedia":[{"embeddable":true,"href":"https:\/\/dertdinliyorum.com\/index.php\/wp-json\/wp\/v2\/media\/975"}],"wp:attachment":[{"href":"https:\/\/dertdinliyorum.com\/index.php\/wp-json\/wp\/v2\/media?parent=913"}],"wp:term":[{"taxonomy":"product_brand","embeddable":true,"href":"https:\/\/dertdinliyorum.com\/index.php\/wp-json\/wp\/v2\/product_brand?post=913"},{"taxonomy":"product_cat","embeddable":true,"href":"https:\/\/dertdinliyorum.com\/index.php\/wp-json\/wp\/v2\/product_cat?post=913"},{"taxonomy":"product_tag","embeddable":true,"href":"https:\/\/dertdinliyorum.com\/index.php\/wp-json\/wp\/v2\/product_tag?post=913"}],"curies":[{"name":"wp","href":"https:\/\/api.w.org\/{rel}","templated":true}]}}